{"id":451,"date":"2025-06-05T11:24:19","date_gmt":"2025-06-05T09:24:19","guid":{"rendered":"https:\/\/fogaszatiakcio.hu\/jazmin\/?page_id=451"},"modified":"2025-06-05T11:37:52","modified_gmt":"2025-06-05T09:37:52","slug":"koszonjuk-esztetikus-tomesek","status":"publish","type":"page","link":"https:\/\/fogaszatiakcio.hu\/jazmin\/koszonjuk-esztetikus-tomesek\/","title":{"rendered":"K\u00f6sz\u00f6nj\u00fck"},"content":{"rendered":"\n<section class=\"wp-block-group is-layout-flow wp-block-group-is-layout-flow\" style=\"margin-bottom:0.5rem\">\n<div class=\"wp-block-cover is-light\" style=\"min-height:100vh;aspect-ratio:unset;\"><img decoding=\"async\" class=\"wp-block-cover__image-background wp-image-14 size-full\" alt=\"\" src=\"https:\/\/fogaszatiakcio.hu\/jazmin\/wp-content\/uploads\/sites\/2\/2025\/06\/5505.jpg\" data-object-fit=\"cover\"\/><span aria-hidden=\"true\" class=\"wp-block-cover__background has-txt-light-background-color has-background-dim-80 has-background-dim\"><\/span><div class=\"wp-block-cover__inner-container is-layout-flow wp-block-cover-is-layout-flow\">\n<div class=\"wp-block-group is-layout-constrained wp-container-core-group-is-layout-42cdeae7 wp-block-group-is-layout-constrained\" style=\"padding-right:var(--wp--preset--spacing--h-s);padding-left:var(--wp--preset--spacing--h-s)\">\n<h2 class=\"wp-block-heading has-text-align-center has-emphasis-font-family\" style=\"text-transform:uppercase\">K\u00f6sz\u00f6nj\u00fck a megkeres\u00e9st<\/h2>\n\n\n\n<p class=\"has-text-align-center has-medium-font-size\">Hamarosan jelentkezni fogunk a megadott el\u00e9rhet\u0151s\u00e9geiden.<\/p>\n\n\n\n<div style=\"height:30px\" aria-hidden=\"true\" class=\"wp-block-spacer\"><\/div>\n\n\n\n<div class=\"wp-block-buttons is-content-justification-center is-layout-flex wp-container-core-buttons-is-layout-a89b3969 wp-block-buttons-is-layout-flex\">\n<div class=\"wp-block-button\"><a class=\"wp-block-button__link has-txt-light-color has-primary-background-color has-text-color has-background has-link-color wp-element-button\" href=\"https:\/\/fogaszatiakcio.hu\/jazmin\/esztetikus-tomesek\/\" style=\"border-radius:20px;padding-right:2rem;padding-left:2rem\">Vissza az akci\u00f3 r\u00e9szleteihez<\/a><\/div>\n<\/div>\n<\/div>\n<\/div><\/div>\n<\/section>\n","protected":false},"excerpt":{"rendered":"","protected":false},"author":1,"featured_media":0,"parent":0,"menu_order":0,"comment_status":"closed","ping_status":"closed","template":"","meta":{"footnotes":""},"class_list":["post-451","page","type-page","status-publish","hentry"],"yoast_head":"<!-- This site is optimized with the Yoast SEO plugin v27.4 - https:\/\/yoast.com\/product\/yoast-seo-wordpress\/ -->\n<title>K\u00f6sz\u00f6nj\u00fck - J\u00e1zmin Dental Clinic<\/title>\n<meta name=\"robots\" content=\"index, follow, max-snippet:-1, max-image-preview:large, max-video-preview:-1\" \/>\n<link rel=\"canonical\" href=\"https:\/\/fogaszatiakcio.hu\/jazmin\/koszonjuk-esztetikus-tomesek\/\" \/>\n<meta property=\"og:locale\" content=\"hu_HU\" \/>\n<meta property=\"og:type\" content=\"article\" \/>\n<meta property=\"og:title\" content=\"K\u00f6sz\u00f6nj\u00fck - J\u00e1zmin Dental Clinic\" \/>\n<meta property=\"og:url\" content=\"https:\/\/fogaszatiakcio.hu\/jazmin\/koszonjuk-esztetikus-tomesek\/\" \/>\n<meta property=\"og:site_name\" content=\"J\u00e1zmin Dental Clinic\" \/>\n<meta property=\"article:modified_time\" content=\"2025-06-05T09:37:52+00:00\" \/>\n<meta property=\"og:image\" content=\"https:\/\/fogaszatiakcio.hu\/jazmin\/wp-content\/uploads\/sites\/2\/2025\/06\/5505.jpg\" \/>\n<meta name=\"twitter:card\" content=\"summary_large_image\" \/>\n<meta name=\"twitter:label1\" content=\"Becs\u00fclt olvas\u00e1si id\u0151\" \/>\n\t<meta name=\"twitter:data1\" content=\"1 perc\" \/>\n<script type=\"application\/ld+json\" class=\"yoast-schema-graph\">{\"@context\":\"https:\\\/\\\/schema.org\",\"@graph\":[{\"@type\":\"WebPage\",\"@id\":\"https:\\\/\\\/fogaszatiakcio.hu\\\/jazmin\\\/koszonjuk-esztetikus-tomesek\\\/\",\"url\":\"https:\\\/\\\/fogaszatiakcio.hu\\\/jazmin\\\/koszonjuk-esztetikus-tomesek\\\/\",\"name\":\"K\u00f6sz\u00f6nj\u00fck - J\u00e1zmin Dental Clinic\",\"isPartOf\":{\"@id\":\"https:\\\/\\\/fogaszatiakcio.hu\\\/jazmin\\\/#website\"},\"primaryImageOfPage\":{\"@id\":\"https:\\\/\\\/fogaszatiakcio.hu\\\/jazmin\\\/koszonjuk-esztetikus-tomesek\\\/#primaryimage\"},\"image\":{\"@id\":\"https:\\\/\\\/fogaszatiakcio.hu\\\/jazmin\\\/koszonjuk-esztetikus-tomesek\\\/#primaryimage\"},\"thumbnailUrl\":\"https:\\\/\\\/fogaszatiakcio.hu\\\/jazmin\\\/wp-content\\\/uploads\\\/sites\\\/2\\\/2025\\\/06\\\/5505.jpg\",\"datePublished\":\"2025-06-05T09:24:19+00:00\",\"dateModified\":\"2025-06-05T09:37:52+00:00\",\"breadcrumb\":{\"@id\":\"https:\\\/\\\/fogaszatiakcio.hu\\\/jazmin\\\/koszonjuk-esztetikus-tomesek\\\/#breadcrumb\"},\"inLanguage\":\"hu\",\"potentialAction\":[{\"@type\":\"ReadAction\",\"target\":[\"https:\\\/\\\/fogaszatiakcio.hu\\\/jazmin\\\/koszonjuk-esztetikus-tomesek\\\/\"]}]},{\"@type\":\"ImageObject\",\"inLanguage\":\"hu\",\"@id\":\"https:\\\/\\\/fogaszatiakcio.hu\\\/jazmin\\\/koszonjuk-esztetikus-tomesek\\\/#primaryimage\",\"url\":\"\",\"contentUrl\":\"\"},{\"@type\":\"BreadcrumbList\",\"@id\":\"https:\\\/\\\/fogaszatiakcio.hu\\\/jazmin\\\/koszonjuk-esztetikus-tomesek\\\/#breadcrumb\",\"itemListElement\":[{\"@type\":\"ListItem\",\"position\":1,\"name\":\"Kezd\u0151lap\",\"item\":\"https:\\\/\\\/fogaszatiakcio.hu\\\/jazmin\\\/\"},{\"@type\":\"ListItem\",\"position\":2,\"name\":\"K\u00f6sz\u00f6nj\u00fck\"}]},{\"@type\":\"WebSite\",\"@id\":\"https:\\\/\\\/fogaszatiakcio.hu\\\/jazmin\\\/#website\",\"url\":\"https:\\\/\\\/fogaszatiakcio.hu\\\/jazmin\\\/\",\"name\":\"J\u00e1zmin Dental Clinic\",\"description\":\"\",\"publisher\":{\"@id\":\"https:\\\/\\\/fogaszatiakcio.hu\\\/jazmin\\\/#organization\"},\"potentialAction\":[{\"@type\":\"SearchAction\",\"target\":{\"@type\":\"EntryPoint\",\"urlTemplate\":\"https:\\\/\\\/fogaszatiakcio.hu\\\/jazmin\\\/?s={search_term_string}\"},\"query-input\":{\"@type\":\"PropertyValueSpecification\",\"valueRequired\":true,\"valueName\":\"search_term_string\"}}],\"inLanguage\":\"hu\"},{\"@type\":\"Organization\",\"@id\":\"https:\\\/\\\/fogaszatiakcio.hu\\\/jazmin\\\/#organization\",\"name\":\"J\u00e1zmin Dental Clinic\",\"url\":\"https:\\\/\\\/fogaszatiakcio.hu\\\/jazmin\\\/\",\"logo\":{\"@type\":\"ImageObject\",\"inLanguage\":\"hu\",\"@id\":\"https:\\\/\\\/fogaszatiakcio.hu\\\/jazmin\\\/#\\\/schema\\\/logo\\\/image\\\/\",\"url\":\"https:\\\/\\\/fogaszatiakcio.hu\\\/jazmin\\\/wp-content\\\/uploads\\\/sites\\\/2\\\/2025\\\/06\\\/jazmin-logo-c.svg\",\"contentUrl\":\"https:\\\/\\\/fogaszatiakcio.hu\\\/jazmin\\\/wp-content\\\/uploads\\\/sites\\\/2\\\/2025\\\/06\\\/jazmin-logo-c.svg\",\"caption\":\"J\u00e1zmin Dental Clinic\"},\"image\":{\"@id\":\"https:\\\/\\\/fogaszatiakcio.hu\\\/jazmin\\\/#\\\/schema\\\/logo\\\/image\\\/\"}}]}<\/script>\n<!-- \/ Yoast SEO plugin. -->","yoast_head_json":{"title":"K\u00f6sz\u00f6nj\u00fck - J\u00e1zmin Dental Clinic","robots":{"index":"index","follow":"follow","max-snippet":"max-snippet:-1","max-image-preview":"max-image-preview:large","max-video-preview":"max-video-preview:-1"},"canonical":"https:\/\/fogaszatiakcio.hu\/jazmin\/koszonjuk-esztetikus-tomesek\/","og_locale":"hu_HU","og_type":"article","og_title":"K\u00f6sz\u00f6nj\u00fck - J\u00e1zmin Dental Clinic","og_url":"https:\/\/fogaszatiakcio.hu\/jazmin\/koszonjuk-esztetikus-tomesek\/","og_site_name":"J\u00e1zmin Dental Clinic","article_modified_time":"2025-06-05T09:37:52+00:00","og_image":[{"url":"https:\/\/fogaszatiakcio.hu\/jazmin\/wp-content\/uploads\/sites\/2\/2025\/06\/5505.jpg","type":"","width":"","height":""}],"twitter_card":"summary_large_image","twitter_misc":{"Becs\u00fclt olvas\u00e1si id\u0151":"1 perc"},"schema":{"@context":"https:\/\/schema.org","@graph":[{"@type":"WebPage","@id":"https:\/\/fogaszatiakcio.hu\/jazmin\/koszonjuk-esztetikus-tomesek\/","url":"https:\/\/fogaszatiakcio.hu\/jazmin\/koszonjuk-esztetikus-tomesek\/","name":"K\u00f6sz\u00f6nj\u00fck - J\u00e1zmin Dental Clinic","isPartOf":{"@id":"https:\/\/fogaszatiakcio.hu\/jazmin\/#website"},"primaryImageOfPage":{"@id":"https:\/\/fogaszatiakcio.hu\/jazmin\/koszonjuk-esztetikus-tomesek\/#primaryimage"},"image":{"@id":"https:\/\/fogaszatiakcio.hu\/jazmin\/koszonjuk-esztetikus-tomesek\/#primaryimage"},"thumbnailUrl":"https:\/\/fogaszatiakcio.hu\/jazmin\/wp-content\/uploads\/sites\/2\/2025\/06\/5505.jpg","datePublished":"2025-06-05T09:24:19+00:00","dateModified":"2025-06-05T09:37:52+00:00","breadcrumb":{"@id":"https:\/\/fogaszatiakcio.hu\/jazmin\/koszonjuk-esztetikus-tomesek\/#breadcrumb"},"inLanguage":"hu","potentialAction":[{"@type":"ReadAction","target":["https:\/\/fogaszatiakcio.hu\/jazmin\/koszonjuk-esztetikus-tomesek\/"]}]},{"@type":"ImageObject","inLanguage":"hu","@id":"https:\/\/fogaszatiakcio.hu\/jazmin\/koszonjuk-esztetikus-tomesek\/#primaryimage","url":"","contentUrl":""},{"@type":"BreadcrumbList","@id":"https:\/\/fogaszatiakcio.hu\/jazmin\/koszonjuk-esztetikus-tomesek\/#breadcrumb","itemListElement":[{"@type":"ListItem","position":1,"name":"Kezd\u0151lap","item":"https:\/\/fogaszatiakcio.hu\/jazmin\/"},{"@type":"ListItem","position":2,"name":"K\u00f6sz\u00f6nj\u00fck"}]},{"@type":"WebSite","@id":"https:\/\/fogaszatiakcio.hu\/jazmin\/#website","url":"https:\/\/fogaszatiakcio.hu\/jazmin\/","name":"J\u00e1zmin Dental Clinic","description":"","publisher":{"@id":"https:\/\/fogaszatiakcio.hu\/jazmin\/#organization"},"potentialAction":[{"@type":"SearchAction","target":{"@type":"EntryPoint","urlTemplate":"https:\/\/fogaszatiakcio.hu\/jazmin\/?s={search_term_string}"},"query-input":{"@type":"PropertyValueSpecification","valueRequired":true,"valueName":"search_term_string"}}],"inLanguage":"hu"},{"@type":"Organization","@id":"https:\/\/fogaszatiakcio.hu\/jazmin\/#organization","name":"J\u00e1zmin Dental Clinic","url":"https:\/\/fogaszatiakcio.hu\/jazmin\/","logo":{"@type":"ImageObject","inLanguage":"hu","@id":"https:\/\/fogaszatiakcio.hu\/jazmin\/#\/schema\/logo\/image\/","url":"https:\/\/fogaszatiakcio.hu\/jazmin\/wp-content\/uploads\/sites\/2\/2025\/06\/jazmin-logo-c.svg","contentUrl":"https:\/\/fogaszatiakcio.hu\/jazmin\/wp-content\/uploads\/sites\/2\/2025\/06\/jazmin-logo-c.svg","caption":"J\u00e1zmin Dental Clinic"},"image":{"@id":"https:\/\/fogaszatiakcio.hu\/jazmin\/#\/schema\/logo\/image\/"}}]}},"_links":{"self":[{"href":"https:\/\/fogaszatiakcio.hu\/jazmin\/wp-json\/wp\/v2\/pages\/451","targetHints":{"allow":["GET"]}}],"collection":[{"href":"https:\/\/fogaszatiakcio.hu\/jazmin\/wp-json\/wp\/v2\/pages"}],"about":[{"href":"https:\/\/fogaszatiakcio.hu\/jazmin\/wp-json\/wp\/v2\/types\/page"}],"author":[{"embeddable":true,"href":"https:\/\/fogaszatiakcio.hu\/jazmin\/wp-json\/wp\/v2\/users\/1"}],"replies":[{"embeddable":true,"href":"https:\/\/fogaszatiakcio.hu\/jazmin\/wp-json\/wp\/v2\/comments?post=451"}],"version-history":[{"count":14,"href":"https:\/\/fogaszatiakcio.hu\/jazmin\/wp-json\/wp\/v2\/pages\/451\/revisions"}],"predecessor-version":[{"id":467,"href":"https:\/\/fogaszatiakcio.hu\/jazmin\/wp-json\/wp\/v2\/pages\/451\/revisions\/467"}],"wp:attachment":[{"href":"https:\/\/fogaszatiakcio.hu\/jazmin\/wp-json\/wp\/v2\/media?parent=451"}],"curies":[{"name":"wp","href":"https:\/\/api.w.org\/{rel}","templated":true}]}}